{"id":5545,"date":"2023-12-19T15:19:47","date_gmt":"2023-12-19T18:19:47","guid":{"rendered":"https:\/\/diekuche.com.ar\/?post_type=product&#038;p=5545"},"modified":"2023-12-20T14:21:12","modified_gmt":"2023-12-20T17:21:12","slug":"revestimiento","status":"publish","type":"product","link":"https:\/\/diekuche.com.ar\/index.php\/producto\/revestimiento\/","title":{"rendered":"Revestimiento"},"content":{"rendered":"<p><img fetchpriority=\"high\" decoding=\"async\" class=\"alignnone size-full wp-image-5549\" src=\"https:\/\/diekuche.com.ar\/wp-content\/uploads\/2023\/12\/DIVISORES-DE-AMBIENTES-EN-MADERA.jpeg\" alt=\"\" width=\"1024\" height=\"768\" srcset=\"https:\/\/diekuche.com.ar\/wp-content\/uploads\/2023\/12\/DIVISORES-DE-AMBIENTES-EN-MADERA.jpeg 1024w, https:\/\/diekuche.com.ar\/wp-content\/uploads\/2023\/12\/DIVISORES-DE-AMBIENTES-EN-MADERA-300x225.jpeg 300w, https:\/\/diekuche.com.ar\/wp-content\/uploads\/2023\/12\/DIVISORES-DE-AMBIENTES-EN-MADERA-768x576.jpeg 768w, https:\/\/diekuche.com.ar\/wp-content\/uploads\/2023\/12\/DIVISORES-DE-AMBIENTES-EN-MADERA-600x450.jpeg 600w\" sizes=\"(max-width: 1024px) 100vw, 1024px\" \/><\/p>\n","protected":false},"excerpt":{"rendered":"<p>Ofrecemos una gran variedad de opciones de Revestimientos de interior ya sea de locales comerciales como de viviendas.<br \/>\nRevestimientos Melam\u00ednicos: Los revestimientos en tableros melam\u00ednicos pueden ir en grandes o peque\u00f1os formatos, dependiendo del uso espec\u00edfico, se pueden instalar como tableros completos o seccionados, vertical u horizontalmente.<br \/>\nEste material ofrece una gran variedad de opciones de dise\u00f1os y colores, melaminas lisas, melaminas texturadas y melaminas de la l\u00ednea Natural con la imitaci\u00f3n de maderas naturales.<br \/>\nEn MDF la opci\u00f3n laqueados en tonos brillantes, satinados o mates.<br \/>\nPuede ir en formato Varillados, o en cortes con formas muy variadas.<br \/>\nEl revestimiento listonado de Pino, machimbrado y paneles ranurados, para revestir tanto paredes como techos cielorrasos. Tambi\u00e9n se puede revestir puertas y hacer puertas invisibles. Es ideal para respaldos de cama o elevar la calidez de cualquier ambiente.<\/p>\n","protected":false},"featured_media":5549,"template":"","meta":{"site-sidebar-layout":"default","site-content-layout":"","ast-site-content-layout":"default","site-content-style":"default","site-sidebar-style":"default","ast-global-header-display":"","ast-banner-title-visibility":"","ast-main-header-display":"","ast-hfb-above-header-display":"","ast-hfb-below-header-display":"","ast-hfb-mobile-header-display":"","site-post-title":"","ast-breadcrumbs-content":"","ast-featured-img":"","footer-sml-layout":"","theme-transparent-header-meta":"default","adv-header-id-meta":"","stick-header-meta":"","header-above-stick-meta":"","header-main-stick-meta":"","header-below-stick-meta":"","astra-migrate-meta-layouts":"set","ast-page-background-enabled":"default","ast-page-background-meta":{"desktop":{"background-color":"","background-image":"","background-repeat":"repeat","background-position":"center center","background-size":"auto","background-attachment":"scroll","background-type":"","background-media":"","overlay-type":"","overlay-color":"","overlay-opacity":"","overlay-gradient":""},"tablet":{"background-color":"","background-image":"","background-repeat":"repeat","background-position":"center center","background-size":"auto","background-attachment":"scroll","background-type":"","background-media":"","overlay-type":"","overlay-color":"","overlay-opacity":"","overlay-gradient":""},"mobile":{"background-color":"","background-image":"","background-repeat":"repeat","background-position":"center center","background-size":"auto","background-attachment":"scroll","background-type":"","background-media":"","overlay-type":"","overlay-color":"","overlay-opacity":"","overlay-gradient":""}},"ast-content-background-meta":{"desktop":{"background-color":"var(--ast-global-color-5)","background-image":"","background-repeat":"repeat","background-position":"center center","background-size":"auto","background-attachment":"scroll","background-type":"","background-media":"","overlay-type":"","overlay-color":"","overlay-opacity":"","overlay-gradient":""},"tablet":{"background-color":"var(--ast-global-color-5)","background-image":"","background-repeat":"repeat","background-position":"center center","background-size":"auto","background-attachment":"scroll","background-type":"","background-media":"","overlay-type":"","overlay-color":"","overlay-opacity":"","overlay-gradient":""},"mobile":{"background-color":"var(--ast-global-color-5)","background-image":"","background-repeat":"repeat","background-position":"center center","background-size":"auto","background-attachment":"scroll","background-type":"","background-media":"","overlay-type":"","overlay-color":"","overlay-opacity":"","overlay-gradient":""}},"_joinchat":[]},"product_brand":[],"product_cat":[66],"product_tag":[],"class_list":{"0":"post-5545","1":"product","2":"type-product","3":"status-publish","4":"has-post-thumbnail","6":"product_cat-revestimientos","7":"desktop-align-left","8":"tablet-align-left","9":"mobile-align-left","11":"first","12":"instock","13":"shipping-taxable","14":"product-type-simple"},"_links":{"self":[{"href":"https:\/\/diekuche.com.ar\/index.php\/wp-json\/wp\/v2\/product\/5545","targetHints":{"allow":["GET"]}}],"collection":[{"href":"https:\/\/diekuche.com.ar\/index.php\/wp-json\/wp\/v2\/product"}],"about":[{"href":"https:\/\/diekuche.com.ar\/index.php\/wp-json\/wp\/v2\/types\/product"}],"version-history":[{"count":2,"href":"https:\/\/diekuche.com.ar\/index.php\/wp-json\/wp\/v2\/product\/5545\/revisions"}],"predecessor-version":[{"id":5553,"href":"https:\/\/diekuche.com.ar\/index.php\/wp-json\/wp\/v2\/product\/5545\/revisions\/5553"}],"wp:featuredmedia":[{"embeddable":true,"href":"https:\/\/diekuche.com.ar\/index.php\/wp-json\/wp\/v2\/media\/5549"}],"wp:attachment":[{"href":"https:\/\/diekuche.com.ar\/index.php\/wp-json\/wp\/v2\/media?parent=5545"}],"wp:term":[{"taxonomy":"product_brand","embeddable":true,"href":"https:\/\/diekuche.com.ar\/index.php\/wp-json\/wp\/v2\/product_brand?post=5545"},{"taxonomy":"product_cat","embeddable":true,"href":"https:\/\/diekuche.com.ar\/index.php\/wp-json\/wp\/v2\/product_cat?post=5545"},{"taxonomy":"product_tag","embeddable":true,"href":"https:\/\/diekuche.com.ar\/index.php\/wp-json\/wp\/v2\/product_tag?post=5545"}],"curies":[{"name":"wp","href":"https:\/\/api.w.org\/{rel}","templated":true}]}}

<p>Ofrecemos una gran variedad de opciones de Revestimientos de interior ya sea de locales comerciales como de viviendas.<br />
Revestimientos Melamínicos: Los revestimientos en tableros melamínicos pueden ir en grandes o pequeños formatos, dependiendo del uso específico, se pueden instalar como tableros completos o seccionados, vertical u horizontalmente.<br />
Este material ofrece una gran variedad de opciones de diseños y colores, melaminas lisas, melaminas texturadas y melaminas de la línea Natural con la imitación de maderas naturales.<br />
En MDF la opción laqueados en tonos brillantes, satinados o mates.<br />
Puede ir en formato Varillados, o en cortes con formas muy variadas.<br />
El revestimiento listonado de Pino, machimbrado y paneles ranurados, para revestir tanto paredes como techos cielorrasos. También se puede revestir puertas y hacer puertas invisibles. Es ideal para respaldos de cama o elevar la calidez de cualquier ambiente.</p>
